{"id":15802,"date":"2025-05-10T19:45:58","date_gmt":"2025-05-10T19:45:58","guid":{"rendered":"https:\/\/proinver.mx\/?post_type=product&#038;p=15802"},"modified":"2025-05-31T19:04:42","modified_gmt":"2025-05-31T19:04:42","slug":"motobomba-de-agua-5-5hp-wl20xm-mf","status":"publish","type":"product","link":"https:\/\/proinver.mx\/?product=motobomba-de-agua-5-5hp-wl20xm-mf","title":{"rendered":"Motobomba de agua 5.5HP"},"content":{"rendered":"<p><b>Moto-bomba ligera y compacta para agua limpia, motor GP160 a gasolina de 4 tiempos, mayor eficiencia y aprovechamiento de combustible, adem\u00e1s de un f\u00e1cil arranque y m\u00e1xima solidez y resistencia.<\/b><\/p>\n","protected":false},"excerpt":{"rendered":"<p><b>Motobomba ligera y compacta para agua limpia, motor GP160 a gasolina de 4 tiempos, mayor eficiencia y aprovechamiento de combustible, adem\u00e1s de un f\u00e1cil arranque y m\u00e1xima solidez y resistencia.<\/b><\/p>\n<p><a href=\"http:\/proinver.mx\/fichas\/fichaWL2OXM-MFX.pdf\"><img decoding=\"async\" class=\"alignnone size-full wp-image-15624\" src=\"https:\/\/proinver.mx\/wp-content\/uploads\/2021\/08\/descarga.png\" alt=\"\" width=\"300\" height=\"161\" srcset=\"https:\/\/proinver.mx\/wp-content\/uploads\/2021\/08\/descarga.png 300w, https:\/\/proinver.mx\/wp-content\/uploads\/2021\/08\/descarga-150x81.png 150w\" sizes=\"(max-width: 300px) 100vw, 300px\" \/><\/a><\/p>\n","protected":false},"featured_media":15805,"comment_status":"open","ping_status":"closed","template":"","meta":[],"product_cat":[70],"product_tag":[],"class_list":{"0":"post-15802","1":"product","2":"type-product","3":"status-publish","4":"has-post-thumbnail","6":"product_cat-honda","8":"first","9":"instock","10":"shipping-taxable","11":"purchasable","12":"product-type-simple"},"_links":{"self":[{"href":"https:\/\/proinver.mx\/index.php?rest_route=\/wp\/v2\/product\/15802","targetHints":{"allow":["GET"]}}],"collection":[{"href":"https:\/\/proinver.mx\/index.php?rest_route=\/wp\/v2\/product"}],"about":[{"href":"https:\/\/proinver.mx\/index.php?rest_route=\/wp\/v2\/types\/product"}],"replies":[{"embeddable":true,"href":"https:\/\/proinver.mx\/index.php?rest_route=%2Fwp%2Fv2%2Fcomments&post=15802"}],"version-history":[{"count":2,"href":"https:\/\/proinver.mx\/index.php?rest_route=\/wp\/v2\/product\/15802\/revisions"}],"predecessor-version":[{"id":16050,"href":"https:\/\/proinver.mx\/index.php?rest_route=\/wp\/v2\/product\/15802\/revisions\/16050"}],"wp:featuredmedia":[{"embeddable":true,"href":"https:\/\/proinver.mx\/index.php?rest_route=\/wp\/v2\/media\/15805"}],"wp:attachment":[{"href":"https:\/\/proinver.mx\/index.php?rest_route=%2Fwp%2Fv2%2Fmedia&parent=15802"}],"wp:term":[{"taxonomy":"product_cat","embeddable":true,"href":"https:\/\/proinver.mx\/index.php?rest_route=%2Fwp%2Fv2%2Fproduct_cat&post=15802"},{"taxonomy":"product_tag","embeddable":true,"href":"https:\/\/proinver.mx\/index.php?rest_route=%2Fwp%2Fv2%2Fproduct_tag&post=15802"}],"curies":[{"name":"wp","href":"https:\/\/api.w.org\/{rel}","templated":true}]}}